7 + 253. Suppose m*o = 70*o + 304. What is the tens digit of o?
7
Let s(g) = -g**3 - 5*g**2 - 14*g + 1. Let p be s(-11). Suppose 65 = -8*q + p. What is the units digit of q?
2
Let d(f) = -111*f - 206. What is the units digit of d(-13)?
7
Let l(t) = 5*t**3 + 54*t**2 + 5*t + 7. What is the tens digit of l(-10)?
5
Suppose k = 4*q + 9, 2*k + q + 1 - 10 = 0. Suppose 0 = z - 3*z + k*v + 136, -v = -2. Suppose 5*h + 70 = 5*x, -5*h = 5*x - 7 - z. What is the units digit of x?
5
Suppose -4*t = -t - 1050. What is the hundreds digit of t?
3
Let l(f) = -f**3 + 9*f**2 + 19*f + 36. Let m be l(11). Let i = -11 + 8. What is the units digit of m*(0 + (-1)/i)?
1
Suppose -5*h = -w + 2485, 3*w - 7*h = -5*h + 7494. What is the thousands digit of w?
2
What is the hundreds digit of ((-20688)/(-40))/((-15)/(-25))?
8
Let f be 1/(2/(-90))*-1. Suppose -2*u - 3*u + f = 0. Suppose 3 + u = 3*t. What is the units digit of t?
4
Suppose -3531 = -3*r - 4*j - 0*j, r + 2*j - 1175 = 0. What is the thousands digit of r?
1
Let w(v) = -v**2 + 6*v - 3. Let u be w(5). What is the tens digit of (-3 - ((-5)/(-5) - u)) + 76?
7
Let u = -729 - -2089. What is the hundreds digit of u?
3
Let b be (-4)/((-4)/(-1))*0. Suppose -5*s = -b + 20. Let o(k) = 4*k**2 + k - 9. What is the tens digit of o(s)?
5
Let r be (6/7)/(13/91). Suppose -r*p + 7*p = 59. What is the tens digit of p?
5
Let q(j) be the second derivative of j**4/6 + j**3/6 - j**2/2 + 4*j. Let b be q(-2). Suppose b*o + n - 2 = 0, o = -2*n - 0 - 5. What is the units digit of o?
1
Suppose 14*h + 27 = 17*h. Suppose 87 + h = 4*f. What is the tens digit of f?
2
Let y(p) = -4*p - 25. Let k be y(-8). Let v = -6 + k. What is the tens digit of (v + -6)/(12/(-24))?
1
Let v be (-350)/(-200) + (-3)/4. Suppose -b - 4*b = 5. What is the units digit of b + (4 + 32)*v?
5
Let d(a) = -a**3 + 30*a**2 - 49*a - 64. What is the tens digit of d(28)?
3
Let u(s) = s**3 - 4*s**2 - 4*s - 2. Let c be u(4). Let a be c/(-24) + (-327)/(-12). Suppose 3*l + 4 = a. What is the units digit of l?
8
Let a(j) = -39*j - 1. Let i be a(-4). Suppose 0*s - 4*o = -4*s + 572, -s - 5*o = -i. What is the tens digit of s?
4
Suppose -421*p = -415*p - 6624. What is the hundreds digit of p?
1
Suppose o = 2*o + 2. Let t(j) = -10*j**2 + 5*j - 1. Let h(c) = 9*c**2 - 4*c + 1. Let a(i) = 6*h(i) + 5*t(i). What is the tens digit of a(o)?
1
Let z(h) = -2*h**2 + 119*h + 11. What is the hundreds digit of z(16)?
4
Let w = 188 - -4. Suppose -q - 3*q = -w. Let g = -25 + q. What is the tens digit of g?
2
Let n(h) = h**3 + h**2 + 3*h + 1396. What is the tens digit of n(0)?
9
What is the thousands digit of (1/(-2))/(3/(-9762))?
1
Suppose 0 = 71*z - 73*z + 8. Suppose -z*i = -n - n - 560, -2*i + 2*n + 276 = 0. What is the hundreds digit of i?
1
Suppose -20*d = d - 1995. What is the units digit of d?
5
Let g = 2896 + -1694. What is the units digit of g?
2
Suppose 6*g = 2*g + 3*h - 241, -g + 2*h - 54 = 0. Let l be 2/(-3) + g/(-24). What is the units digit of (-3)/(-1) - (-16)/l?
1
Let c(w) = -27*w - 6. Let k be c(-7). Suppose 220 = -2*x - 4*d, 4*x - 2*d + 217 = -k. Let v = -60 - x. What is the units digit of v?
2
Suppose -1386 = 9*y - 15*y. Let g = y - 130. What is the tens digit of g?
0
Suppose -4 = -5*r + 4*r. Suppose -r*b = 4 - 32. Let k = 21 - b. What is the tens digit of k?
1
Let t(q) = 9*q - 9. Let g(h) = 5*h - 5. Let b(z) = 7*g(z) - 4*t(z). Let i be b(0). What is the units digit of 2/((-1)/(i + -3))?
4
Suppose 0 = -5*n - 24 + 69. Let w = 13 + n. Let o = w + -16. What is the units digit of o?
6
Let r(i) = i**2 + 143. Let z be r(0). Let j = -54 + z. Suppose 4*s + j = 5*t - 17, 2*s = 3*t - 64. What is the units digit of t?
2
Suppose 2*c - 2*r = -2*c + 56, 0 = r. Let g = -14 + c. Suppose 5*s = 5*b + 353 - 93, g = 5*s - b - 244. What is the units digit of s?
8
Let h(x) = x**3 + 7*x**2 - 3*x - 23. What is the tens digit of h(7)?
4
Let s = 172 - 117. Let d = s - -133. What is the tens digit of d?
8
Suppose -26 = -4*l + 3*q, -5*l - 5*q - 5 = -4*l. Let p(m) = 6*m**2 - 2*m + 1. Let a be p(2). Let y = a - l. What is the tens digit of y?
1
Suppose -2*v + 2*y - 6*y + 94 = 0, 0 = -4*v - 4*y + 168. Suppose -32*u - 900 = -v*u. What is the tens digit of u?
8
Let j(w) be the second derivative of w + 8/3*w**4 + 0 + 0*w**3 + 0*w**2. What is the units digit of j(-1)?
2
Let p be (-24)/(-13) + (-8)/(-52). Let f be 30/18 - p/3. What is the tens digit of (4/4)/(f/34)?
3
Let q(k) = 11*k**2 + k - k**3 + 30 + 26 - 58. What is the units digit of q(10)?
8
Let w(m) = 50*m**2 + 8*m + 19. What is the units digit of w(-5)?
9
What is the thousands digit of (2/(-6))/(8/(-58344))?
2
Let f(o) = o**3 + 4*o**2 + 16*o - 27. What is the hundreds digit of f(8)?
8
Let a(i) = -8*i - 10. Let s be a(-3). Let n = s - 11. What is the units digit of n?
3
Let v(n) = -n**3 - 2*n**2 + 3*n - 5. Let c be v(-5). Suppose -7*m + 6*m + c = 0. What is the units digit of m?
5
Suppose -2*t + 5*i + 39 = 0, 0 = 5*i - 2 + 7. Suppose t = 3*f - 13. Let v = 14 - f. What is the units digit of v?
4
Let p(u) = 3*u + 9. Let h be p(-9). Let l be (-58)/h - (-12)/(-54). Suppose 0 = -b - 4*o + l*o, 5*o + 10 = 0. What is the units digit of b?
2
Let u = 6 - 1. Suppose 0 = -5*p - 4*z + 123, 0 = 5*p + z - u*z - 107. What is the units digit of p?
3
Let t = -195 - -1258. What is the tens digit of t?
6
Let g be 46*(4 + -4 + 2). Suppose 0*i - 4*i + g = 0. What is the units digit of i?
3
Let z = -7 + 25. What is the tens digit of z?
1
Suppose 3*n - 2402 - 2575 = 0. What is the hundreds digit of n?
6
Suppose -4*t + 4648 = 4*z, 0*t + 3*t - 5820 = -5*z. What is the hundreds digit of z?
1
Let z = 50 - -4. What is the tens digit of (-1)/(-3) - (-1980)/z?
3
Let s(q) = q - 3. Let n be s(6). Suppose 4*p - 5*h = 232, 32 = 3*p - n*h - 139. Let r = p - 12. What is the units digit of r?
1
Let h(s) = s**2 - 2*s + 1. Let t be h(1). Suppose t = -5*f - 3*q + 81, -2*f - 1 + 41 = 5*q. What is the tens digit of f?
1
Suppose 3*u + 2457 = 2*a, a = -u - u + 1232. What is the hundreds digit of a?
2
Let d = 894 - 254. What is the tens digit of d?
4
Let d = 6 - 1. Let c(a) = a**2 - 6*a + 7. Let f be c(d). Suppose 0 = 2*g - f*u - 10, -4*u = 3*g - 47 + 4. What is the units digit of g?
9
Let g = -11 - -4. Let k be (-20)/(-6)*(4 + g). What is the tens digit of (-78)/(-2) + 8 + k?
3
Let t = 3 + -3. Let c be 22*(t - 3/6). Let j = c - -12. What is the units digit of j?
1
Let f = 10 + 9. Let h = -5 + f. What is the tens digit of h?
1
Suppose 10*n - 590 = 8*n. Suppose 0 = 3*u - 2 - n. What is the tens digit of u?
9
What is the units digit of 2*(-11942)/(-14) + (1 - -1)?
8
Let d(h) = -29*h + 4. Let z = 23 - 29. What is the hundreds digit of d(z)?
1
Let n(b) be the third derivative of -b**5/60 + b**4/8 + b**3/2 - 11*b**2. Let p be n(3). Suppose 0 = -p*r - 5*r + 352. What is the tens digit of r?
4
Let i be 9/(-6) - (-37)/(-2). Let r be 2/10 - (-24)/i. What is the tens digit of ((-4)/(-16))/(r/(-92))?
2
Let w(n) = -n - 2. Let u be w(5). Let b = -13 - u. What is the tens digit of (-114)/(-8)*(-8)/b?
1
What is the units digit of ((-9)/6)/(9*8/(-18624))?
8
Let c(u) = u**3 - 4*u**2 - 4*u - 1. Let v be c(5). Suppose -112 = -r - 2*g, -r + 69 + 47 = v*g. Let z = -56 + r. What is the units digit of z?
2
Let y be (6/12)/((-1)/(-6)). Suppose -4*x + 103 = 3*u, -4*u + 179 = u + y*x. What is the units digit of u?
7
Let x(y) = 2*y**2 - 18*y - 8. Let f be x(15). Suppose -f = 5*p - 497. What is the tens digit of p?
6
Suppose 19*y = 25*y - 90. Suppose -19*m + y*m + 584 = 0. What is the tens digit of m?
4
Suppose 3*j - 2*p - 976 = -2*j, 0 = -4*j + p + 779. What is the hundreds digit of j?
1
Let r(f) be the first derivative of f**3/3 + f**2 - 4*f + 3. What is the tens digit of r(3)?
1
Let q(m) be the third derivative of m**5/60 - m**4/12 - 10*m**2. Let z be q(3). What is the tens digit of 0/1 - (-126)/z?
4
Let y be 0 - 6/((-2)/(-1)). Let j be ((-78)/18)/(1/y). Let b = j + -3. What is the tens digit of b?
1
Let h be ((3 - 4) + 1)/(-3). Suppose -2*j + 0*j - 40 = h. Let k = 32 + j. What is the units digit of k?
2
Suppose -3*r + 3*h = -246, r - 3*r + h + 162 = 0. Let p = 139 - r. What is the units digit of p?
9
Suppose -3*y + 2*y + 20 = 0. Let m be (30/(-4))/(10/y). What is the tens digit of 63/(-5)*50/m?
4
Suppose 11 = u - 34. Suppose j 